6*y - 5*f - 100 = y, 106 = 5*y + f. What is the highest common divisor of y and s?
21
Suppose 3*s = -0*s - 297. Let l = s + 148. Calculate the greatest common divisor of l and 7.
7
Let i be (-90)/(-40)*128/6. Suppose 5*z + 166 = 4*b, -3*b + 66 = -4*z - 59. Let w = b - 27. Calculate the highest common factor of w and i.
12
Suppose -95*b + 77*b = -1350. What is the greatest common factor of 9 and b?
3
Let b = -5889 + 5907. Suppose 2*a - 151 - 101 = 0. Calculate the highest common divisor of a and b.
18
Suppose 30 = -17*l + 23*l. Calculate the highest common divisor of 25 and l.
5
Let b(k) = -4*k + 4. Let s be b(-3). Let l(y) = -247*y + 2729. Let j be l(11). What is the greatest common divisor of s and j?
4
Let c(r) = -5*r**3 - 172*r**2 + 6*r + 172*r**2 + 4. Let j be c(-2). Calculate the greatest common divisor of 80 and j.
16
Let p(x) = 2*x**3 + 45*x**2 + 17*x + 18. Let d be p(-22). Calculate the greatest common factor of 48 and d.
16
Suppose f + f = 10. Let t be 90/24*(-2 - 50/(-15)). Calculate the greatest common factor of f and t.
5
Suppose -8 = 2*s, 5*s - 4*s - 74 = -3*k. Suppose -k = 40*g - 42*g. What is the greatest common factor of g and 1?
1
Let k = -124 - -190. Suppose -18 = 2*b - k. What is the highest common factor of b and 192?
24
Let v = 14 + -12. Suppose 0 = -v*h - 3*k + 27, 4*h - 16 = 4*k + 28. What is the highest common divisor of h and 3?
3
Let n = -208 - -210. Suppose 320 = n*h + 2*h. Let l = 27 + -17. What is the highest common divisor of l and h?
10
Suppose -28*g = -29*g + 5, 0 = -5*a - 2*g + 25. Calculate the greatest common divisor of a and 27.
3
Let o(a) = -2*a**2 - 16*a + 34. Let b be o(-9). Calculate the greatest common factor of b and 8.
8
Let q(z) = z**3 - z**2 + z + 14. Let g be 12/(-8) - (-27)/6. Suppose 0 = -l + g*l. Let a be q(l). What is the highest common divisor of 14 and a?
14
Suppose 0 = -18*i + 13*i + 310. Calculate the greatest common divisor of 558 and i.
62
Suppose 27*a - 588 = 6*a. Calculate the greatest common divisor of a and 42.
14
Let n = -1112 + 1118. Let x = -20 - -74. Calculate the greatest common divisor of n and x.
6
Let u = -68 - -166. What is the highest common divisor of 49 and u?
49
Let t(c) = -c**2 - 5*c - 3. Let d be t(5). Let y = 108 + d. Calculate the greatest common factor of 11 and y.
11
Suppose -4*u - 4*j = -3*j - 364, -2*j - 364 = -4*u. Calculate the highest common divisor of u and 35.
7
Let v be (-8 - 720/(-50))*(-5)/(-2). What is the highest common divisor of 944 and v?
16
Let s be (3 - (-62)/(-4))*(13 + -17). What is the highest common factor of 10 and s?
10
Let o = -278 + 297. Calculate the highest common divisor of 1 and o.
1
Let t be 6566/21*(-54)/(-12). Calculate the highest common divisor of t and 21.
21
Suppose k + 3*l = 2*l, k = l + 2. Calculate the greatest common divisor of k and 27.
1
Let s be 2*(-6)/(-24) - 197/(-2). Let m(k) = 3*k**2 + 5*k + 7. Let y be m(-2). Calculate the highest common factor of s and y.
9
Let d(z) = -2*z**2 + 6*z + 11. Let m be d(-3). Let f = m + 58. Calculate the highest common divisor of f and 22.
11
Let h = 4 + 14. Let i(k) = -6*k**2 - k - 2. Let n be i(-1). Let z = n + h. Calculate the highest common factor of z and 121.
11
Suppose 0 = -6*b + 2*b + 52. Calculate the greatest common divisor of b and 169.
13
Let d be (-34912)/(-48) + (-4)/(-6). Suppose -d = -17*h + 13*h. Calculate the highest common divisor of 26 and h.
26
Let z(g) = 2*g**2 + 22*g - 65. Let p be z(-39). Calculate the greatest common divisor of p and 13.
13
Let a = -83 + 88. Suppose 0 = 2*p - 6, -q = -3*p + a*p - 23. Suppose 4*f + 4*v = 260, -2*v - 3 - 3 = 0. What is the greatest common factor of q and f?
17
Suppose -6*p - 127 = -1429. Calculate the greatest common divisor of p and 31.
31
Let v(k) = 2*k + 34. Let y = 11 - 22. Let r be v(y). What is the greatest common divisor of 16 and r?
4
Let p(h) = -h**3 + h - 2. Let x be p(-2). Suppose -x*o = -7*o + 204. What is the highest common factor of 170 and o?
34
Suppose 45 = 2*z - 5. Suppose -12 = -2*l + 9*j - 13*j, -5*l + 40 = 5*j. Calculate the highest common factor of l and z.
5
Let j(k) = k**2 - 8*k - 30. Let z be j(-5). Let o(v) = 2*v**2 + 10*v - 7. Let p be o(9). What is the greatest common factor of p and z?
35
Let c be -4*-6*(-10)/(-16). Suppose -p + c = 1. Suppose -b = b - 4. Calculate the highest common factor of b and p.
2
Suppose -4*k - 232 = -8*k. Let o = k - 52. Calculate the greatest common factor of 9 and o.
3
Let m = 5660 - 3770. What is the greatest common factor of 42 and m?
42
Let b = 51 + -50. Let g(h) = h - 9. Let m be g(14). Calculate the highest common factor of m and b.
1
Suppose 4*r - 7 = -3, -2*r - 17 = -k. What is the highest common divisor of 1159 and k?
19
Suppose -4*g - 2*n = -g + 275, -5*g + 3*n = 452. Let a = -148 - g. Let q = a + 174. What is the greatest common factor of q and 13?
13
Let m be 1 + 14 + -2 + -2. Let h be ((-220)/(-6))/((-10)/(-15)). What is the highest common factor of h and m?
11
Let y(h) = -2*h + 2. Let f be y(0). Let d(j) = -13*j**2 + 5*j + 10*j**f - 2 + 2*j**2. Let z be d(2). Calculate the greatest common factor of z and 36.
4
Suppose 5*s = 4*o - 11, -2*o - 5*s - 14 = -3*o. Let m be 582/24 - o/(-4). Let v = -5 + 8. What is the highest common factor of v and m?
3
Let p(c) = c**3 + c**2 - c + 25. Let a be p(0). Let u = -719 + 724. Calculate the greatest common divisor of a and u.
5
Let x(o) = 2*o - 13. Let s be x(8). Suppose 0 = 5*u - 4*u - 4, 0 = -2*r + s*u + 8. What is the greatest common factor of 5 and r?
5
Suppose -2*o + u = -o - 526, 3*o - 5*u - 1568 = 0. Calculate the highest common factor of o and 9.
9
Let u(y) = 2*y**2 + 84*y - 49. Let c be u(-48). Calculate the greatest common divisor of 17 and c.
17
Let d = -36 - -63. Let w(r) = 75*r**2 + 3*r + 3. Suppose -7 = b + 5*n, 3*b + 4*n + 7 = 3*n. Let p be w(b). Calculate the highest common factor of d and p.
27
Let p be 0 - -48 - (-1 - -3 - 2). Suppose 0 = -j + 2*j + 2*b - 6, 0 = -3*b - 15. What is the greatest common divisor of j and p?
16
Suppose -3*y - 21 - 3 = -3*p, -4*p = y - 17. Let v be 18/p*-1*40/(-6). Calculate the highest common factor of 8 and v.
8
Let t(o) = o**3 - 4*o**2 + 4*o + 2. Let l be t(6). Calculate the highest common factor of l and 28.
14
Suppose 31*g = 5081 + 127. What is the greatest common divisor of 21 and g?
21
Suppose -3*p + 25 = k, 3*k = -0*p - 4*p + 50. Let i = -90 - -140. Calculate the greatest common divisor of k and i.
10
Let t = 31 + -17. Suppose -c + 43 + 111 = 0. What is the greatest common factor of t and c?
14
Suppose -15 = -3*u, -3*k - 2*u + 71 + 374 = 0. What is the highest common divisor of 232 and k?
29
Let h = 40 - 33. Suppose h*c = 2*c + 60. What is the highest common factor of 30 and c?
6
Let t(d) = -d**3 - 2*d**2 - 3*d - 2. Let w be t(-2). Suppose 6*c = -c - 112. Let u be 940/26 - c/(-104). What is the greatest common divisor of w and u?
4
Let l(p) = -p**3 + 9*p**2 - 4*p - 2. Let q be l(7). Suppose 4*v + 20 = 9*v. What is the highest common divisor of q and v?
4
Suppose 5*p + 3*r - 132 = 0, 4*r + 32 = p + p. Let x be (4 - 2) + (-72)/(-12). Calculate the greatest common divisor of p and x.
8
Let o(r) = 79*r - 460. Let c be o(8). Calculate the greatest common divisor of 129 and c.
43
Let c(w) = 8*w + 1. Let j be c(-1). Let v be ((-4)/j)/(10/70). Calculate the greatest common factor of 4 and v.
4
Suppose -5*d + 33*d - 616 = 0. What is the greatest common factor of d and 110?
22
Let x(o) = 2*o**3 + 16*o**2 - 4*o + 16. Let k be x(-8). Calculate the highest common factor of k and 624.
48
Let j be 37/(-74) - (-4334)/4. Calculate the highest common divisor of j and 171.
57
Suppose 4*f - 4 = 0, 3*f - 67 = -7*k + 3*k. Calculate the highest common factor of 72 and k.
8
Suppose -2*b + 397 = -2*l + 101, 4*l + 444 = 3*b. Let w = 105 + b. What is the greatest common divisor of 23 and w?
23
Suppose -5 + 104 = d. Let p be 22/4*2 - (21 - 19). What is the highest common divisor of p and d?
9
Suppose 44*l + 161 = 1129. What is the greatest common divisor of l and 22?
22
Suppose 6*p - 245 = p. Let a(u) = 6*u**3 - 8*u**2 - u - 7. Let o be a(2). Calculate the greatest common factor of p and o.
7
Let h(f) = 9*f**2 + 2*f - 3. Let i be h(-3). Suppose -4*m = 3*z + 16 - 59, -20 = -5*m. What is the highest co